
-53
What is -59 - (-116 + 68 + 42)?
-53
Calculate -10 + 8 + -1181 + 1230.
47
Calculate 34 + 3 + (-11 + 23 - -3) + -2.
50
1 - -11 - (-12 + 12) - (191 - 153)
-26
Evaluate -156 + 9 + -6 - (-1334 + 1324).
-143
What is the value of 9 + 35 + (4 - (6 - 7)) + -1 + 7?
55
What is (13 - 31) + (-10 - -1) + (42 - 82)?
-67
Calculate -10 + -2 + (-199 - -228) + 14.
31
What is the value of (119 - 64) + -18 - 45?
-8
Evaluate 23 + (-22 - -1 - (-334 + 324) - 98).
-86
What is the value of -262 - -274 - (15 + -3 + 1) - -19?
18
What is 2 + 1 - (27 + -3) - -15?
-6
(-25 + 19 - (0 + -8)) + 106 + -3
105
(20 - (5 + -4 + 25)) + 10
4
What is 236 + -80 + -97 + 0 + -9?
50
What is (11 - 33 - 112) + (16 - 6 - 3)?
-127
What is the value of 59 - 49 - ((6 - 5) + -2 + -3 - -29)?
-15
What is (-10 - -74 - 93) + 15?
-14
Evaluate 125 - (94 + (-86 - -86)).
31
Evaluate 12 + -110 + (-16 - -56) + -25.
-83
Evaluate (2 - (-10 - 2)) + (33 + -1 - 25).
21
Evaluate -2 - ((71 - 0) + -196 - (-2 - 23)).
98
135 - (-3 + 6) - (-19382 - -19412)
102
What is the value of 1313 + -1209 - (55 + -2)?
51
What is the value of 29 + ((-5 - -25) + (-11 - -2) - 3)?
37
Calculate (21 - 48) + 8 - -21 - (0 - -11).
-9
Evaluate (0 - -1) + (64 - 31 - 30) + 45.
49
Calculate 7 + (-4 - 8) + 15 + -3 + (41 - -3).
51
What is the value of 3 + -1 + 22 - (275 - 262)?
11
What is (-9 - (-7 - (-29 + 2))) + 146?
117
Evaluate (-4 - (0 - (-1 + -1 - -10))) + 9 - 96.
-83
-11 - -2 - (-19 - (-19 + 10 + 26)) - 0
27
What is the value of (3 - (13 - 5)) + (-10 - -16 - -7 - -3)?
11
-133 + 93 + (-13 - -101)
48
What is -7 - (-38 + (35 - 3)) - (-4 + -2)?
5
Evaluate 47 - (11 + 143 - 36).
-71
What is (82 - (92 - 43)) + 19?
52
Evaluate -10 + (-6 - (-1 - 75 - (-12 + (37 - 18)))).
67
-57 + (-7 + 22 + -27 - -20)
-49
Evaluate 43 - (8 + (-13 - -16) + -3 - 12).
47
What is the value of 2 + (-19 - -1) + (18 + -8 - 28) + 15?
-19
What is the value of -68 + 66 + 22 + -58?
-38
Calculate -14 + (-62 - -12 - -8 - (2 + 2)).
-60
What is the value of (56 + 1 - (21 + 12 + -22)) + -20?
26
Calculate 9 + 6 - 22 - -13.
6
Evaluate (18 + 11 - (-61 + 97)) + 19.
12
Calculate (-5 + -7 + 8 - (-21 - -11)) + -11.
-5
What is the value of (-8 - (-1 - -1)) + 16 + 20 + -46 + 24?
6
What is -34 - (-23 + -18 + 0)?
7
What is the value of -8 + (-10 + -1 - (-9 - (2 - -39)))?
31
Calculate 5 + 0 + (-8 - (-26 - (-17 + -1 + 78))).
83
Evaluate (-3 - -48) + -6 + -7 + 13 + 7.
52
Calculate -55 + -41 + 54 + 1 + -15.
-56
Evaluate 11 + ((38 + -12 - 2) + -6 - -33).
62
What is the value of -48 - (-6 + -3 + -3)?
-36
What is the value of 34 - (8 + 27 + (-41 - -31))?
9
6 + 2 - (442 - 450) - -17
33
What is 99 - (-1358 + 1375 + 1 + -16)?
97
What is the value of 17 + (103 - (-41 + 80))?
81
Evaluate -8 + (-96 - -92 - (-1 - -13)) + 10.
-14
What is -74 + (-102 - (-230 - 16))?
70
What is the value of -54 + -35 + 68 + 7?
-14
What is the value of 1 - 118 - (-12 - ((-3 - -1) + -5 - 16))?
-128
Evaluate 16 - ((14 - (13 - 9)) + -13 - -17).
2
Calculate -9 + 16 - (-11 + (-9 - -9) + 5).
13
Evaluate (841 - 848) + -1 + 11 + -53.
-50
(-2 - ((2 - -10) + -5) - (-11 + 8)) + 70
64
What is (-5 + 6 - 3) + (4 + 10 - 22 - -108)?
98
What is 7 - ((36 - 22) + -45)?
38
Evaluate (-2 - -3) + 9 + -5 + -78 + -9 + 1.
-81
What is -21 + 22 + 15 + -12 + -25?
-21
Calculate -182 + 54 + -3 - (-3 - -3 - -7).
-138
Calculate 7 + 79 + -112 + 43.
17
Evaluate -170 + 34 + 42 + 32.
-62
What is the value of -5 + -5 + (3 - -13 - (-101 + 133) - -129)?
103
Calculate (-2 - -18) + -4 + 35 + -23.
24
-39 - ((1 - -12) + -119 + 100)
-33
What is 0 + 27 + (358 - 371) - (1 - 49)?
62
Calculate -4 - (99 + (-14 - (-9 + 11 - -13 - 14))).
-88
What is (4 + -21 + -12 - -28) + (-1 - 0) - 24?
-26
Calculate (2 + -5 - -41) + 47 + -107 + 71.
49
Evaluate -14 + (-5 - (12 - 75 - -3 - -8)).
33
-2104 + 2143 + (-13 - -1)
27
What is the value of -531 + 598 + 2 + 1 + 6 + -12?
64
What is -12 - (15 - (9 + -19 + -1))?
-38
What is -10 + -23 - (-94 + 20)?
41
Calculate -18 + ((8 - -12) + -9 - -1) + 3 + -10.
-13
Evaluate -68 + 0 + -1305 + 1402.
29
(-4466 - -4405) + (3 - -144)
86
Evaluate (-9 - (8 - 10)) + 7 + (31 - 30).
1
(-8 - (-86 - -66)) + -19
-7
Calculate 43 + -41 + -42 + 46.
6
What is -10 - 59 - (-294 - -141)?
84
55 + -97 + -14 - -70
14
110 + 7 + 13 + -33 + -14
83
Evaluate 305 + (107 - 213) - 88.
111
(-25 - (28 + -24) - -31) + 76
78
0 + 11 - (6282 - 6278)
7
-5 - (-37 + 52 + -13)
-7
Calculate -49 + (-54 - -39) + (3 - 15).
-76
Evaluate -86 + 71 + -73 + 65.
-23
What is 43 + (60 + -59 - -21)?
65
Calculate -159 + 173 - (-66 - -2) - (8 + 1).
69
Evaluate (-178 + -37 - -128) + 2 + -1 + 0 + -8.
-94
Calculate 91 - 22 - (-3 + (10 - (9 + -9))).
62
What is the value of (-3 - -4) + -1 + 3 - (34 - (29 - -25))?
23
What is the value of (730 - 687) + (-72 - -1)?
-28
Calculate 7 + -98 + 11 + 6 - (-50 - -67).
-91
Evaluate (32 - 7) + 12 + -8.
29
What is 236 - 214 - ((3 - (3 + 4)) + -13)?
39
Calculate -70 - -2 - (-302 - -282) - (5 - -3).
-56
-18 + 1 + (-5 + 8 - 11) + (22 - 27)
-30
Calculate (2 - 5) + (-12 - -20 - 16) + 0 + 10.
-1
Calculate 93 - (-7 + 15 + -25 - -39).
71
What is the value of 4 + (134 - 42 - 28)?
68
-9 + 22 + -28 - 9 - (-5 + (8 - 3))
-24
What is the value of (-273 - -293) + 22 + -3 + 3?
42
Calculate -99 - (-10 + 112) - -109.
-92
Evaluate -4 - (-4 - (3 - 11)) - 0 - (232 + -243).
3
Calculate 36 - (-28 - (27 - 75)) - -5.
21
What is (-63 - (-10 - (-13 - -10))) + 29 + -25?
-52
What is 17 - (19 - 41 - 11)?
50
-7 + -4 + 16 - 9 - (-9 - -2)
3
Calculate (-9 - (-9 - -7) - 13 - -14) + -29.
-35
35 - (28 + 6) - 39
-38
What is the value of -41 + 30 + -28 - -57 - -8?
26
Calculate 2 + -1 + (-910 - -938).
29
(74 + (-2 - -6) - (8 + -1)) + -5 + -8
58
(72 - 64) + -3 + 1 - (35 + -63)
34
Calculate (-17 - (-2 + 3 + -1 + 1)) + (577 - 576).
-17
What is the value of (-1 - (-11 - -22)) + -2 + 2 + -1 + -22?
-35
What is -197 - (-10 - (19 + 84))?
-84
Evaluate 21 + -11 + (-1 + 5 - -10).
24
Evaluate (-19 - (-8 - -6)) + 0 + 7 + (295 - 246).
39
What is -94 + (1 - -4 - -13) + (64 - 71)?
-83
What is the value of 3 + (34 - (-5 - -8)) + 58 + -52?
40
Evaluate (-201 - -186) + (2 - -24) + -6.
5
Evaluate (7 - (-8 - -8) - 7) + (-64 - -19).
-45
What is the value of (30 + 0 - (-70 - -90)) + 10?
20
What is 37 - 34 - -1 - -24?
28
What is -15 + (3 + (-5 - (1 - 1)) - 3)?
-20
Calculate (-37 - (-90 - 36)) + -25.
64
(-16 + -176 - -83) + 38
-71
What is the value of 47 + -90 + 64 + (2 - -22)?
45
-17 - (-28 + (26 - 5) - 101)
91
(1836 - 1793) + (-24 - (-2 - -3))
18
-18 - (32 + -63) - (139 + 0 + 2)
-128
What is (22 + -24 - (-39 - -1)) + (-2 - 13)?
21
Evaluate (28 - -4) + 15 + (17 - 22).
42
Evaluate -107 - (-6 - (11 - (8 - (20 - 17)))).
-95
Calculate -3 - -3 - -10 - ((21 - 45) + 30 + 6).
-2
Evaluate -44 + (42 - 38) + 16.
-24
What is the value of 19 + (15 + 18 + -43 + 21 - -68)?
98
What is the value of (32 - (-20 + 35)) + (95 - 205)?
-93
(8 - (-6 + 2 + -8)) + -12 + -53
-45
Calculate 59 - (-38 + (34 - -49)) - (-12 - 1).
27
What is (-2 + 2 - 62) + (3919 - 3897)?
-40
Evaluate 100 - (57 + 106 + -105).
42
What is the value of (104 - (32 + 5)) + -5 + 17?
79
What is the value of 65 - (30 - 5 - 11) - (19 + -10)?
42
What is the value of -2 + (0 - 0) + -69 - (75 + -7 - 56)?
-83
What is the value of -37 + 0 + 27 + (66 - 116) + (16 - -1)?
-43
What is -21 + -9 + 33 + 56 - 19?
40
0 + (-82 - (-41 - -29))
-70
Calculate -34 - (85 - (-47 - -82)).
-84
-15 + (60 - (91 - 35))
-11
Evaluate -3 - (-131 + 48 + 28 + (4 - (8 - 5))).
51
What is the value of -93 + 123 + -46 + 5 + -16?
-27
What is the value of 1 + -8 + 23 + (-2 - (10 + -30))?
34
-111 - (22 - 163) - 132
-102
Evaluate (-12 - (26 + -11 - 55)) + -71.
-43
What is (0 - -3) + -14 + (28 - (-10 - -33))?
-6
What is the value of 80 - (-17 - 19 - (-19 - 9))?
88
What is the value of (60 - (3 + -4)) + (-16 - ((2 - 4) + -8))?
55
Calculate -81 + (1 - 1) + 7 + -45 + (50 - -1).
-68
What is 74 + (-6 - 3 - -3 - 14) + -8?
46
-45 + 0 - (-95 - (-131 + 57))
-24
Calculate 54 + -4 + -91 + 45.
4
What is the value of 11 + (-8 - 107) + (-30 + 11 + 22 - 3)?
-104
12 + -2 + 4 - ((15 - 2) + 67 - 17)
-49
Calculate (14 - (14 + -14 + 11 + -3 + -1)) + 21.
28
What is 4 + -88 + 33 + 43?
-8
Calculate 8 - 13 - (3 + -4 - (83 + -108)).
-29
Calculate -72 - (-44 + (-61 - -30)).
3
What is the value of 25 - (-11 - (0 - 12) - 71)?
95
What is the value of (0 